{"id":9263,"date":"2024-08-19T17:39:04","date_gmt":"2024-08-19T17:39:04","guid":{"rendered":"http:\/\/suvisoshop.com\/?post_type=product&#038;p=9263"},"modified":"2026-03-08T17:42:17","modified_gmt":"2026-03-08T17:42:17","slug":"gd-b500s-3","status":"publish","type":"product","link":"https:\/\/suvisoshop.com\/index.php\/product\/gd-b500s-3\/","title":{"rendered":"GD-B500S-3"},"content":{"rendered":"<ul>\n<li>Material de la carcasa y el marco: Resina<\/li>\n<li>Correa de Resina<\/li>\n<li>Cristal Mineral<\/li>\n<li>Resistente a impactos<\/li>\n<li>Resistencia al Agua de 200 Metros<\/li>\n<li>Bluetooth: Se conecta a un smartphone y ajusta autom\u00e1ticamente la hora<\/li>\n<li>Medici\u00f3n del recuento de pasos: Rango de visualizaci\u00f3n del recuento de pasos: de 0 a 999 999 pasos Visualizaci\u00f3n del progreso de los objetivos de pasos (rango de fijaci\u00f3n de objetivos de recuento de pasos: entre 1000 y 50 000 en incrementos de 1000 pasos) Recordatorio de pasos \uff08Le informa si el recuento de pasos es demasiado bajo mediante una indicaci\u00f3n visual y sonora\uff09 Gr\u00e1fico de recuento de pasos Recuento de pasos por hora de las \u00faltimas 7 horas en un gr\u00e1fico de 6 niveles\uff09 Indicador de pasos<\/li>\n<li>Mobile Link (enlace inal\u00e1mbrico con Bluetooth\u00ae)<\/li>\n<li>Retroiluminaci\u00f3n LED (superiluminador)<\/li>\n<li>Alerta de bater\u00eda baja<\/li>\n<li>Hora dual (cambio de hora local)<\/li>\n<li>Cronometro de 1\/100 segundos<\/li>\n<li>Temporizador con cuenta regresiva<\/li>\n<li>Indicador de hora<\/li>\n<li>5 alarmas<\/li>\n<li>Calendario autom\u00e1tico completo<\/li>\n<li>Formato de 12 y 24 horas: Indicaci\u00f3n cl\u00e1sica de la hora<\/li>\n<li>Dimensi\u00f3n de la caja : 46,3 \u00d7 41,5 \u00d7 11 mm<\/li>\n<\/ul>\n","protected":false},"excerpt":{"rendered":"<p>Material de la carcasa y el marco: Resina Correa de Resina Cristal Mineral Resistente a impactos Resistencia al Agua de 200 Metros Bluetooth: Se conecta a un smartphone y ajusta autom\u00e1ticamente la hora Medici\u00f3n del recuento de pasos: Rango de visualizaci\u00f3n del recuento de pasos: de 0 a 999 999 pasos Visualizaci\u00f3n del progreso de &hellip;<\/p>\n<p class=\"read-more\"> <a class=\"\" href=\"https:\/\/suvisoshop.com\/index.php\/product\/gd-b500s-3\/\"> <span class=\"screen-reader-text\">GD-B500S-3<\/span> Leer m\u00e1s &raquo;<\/a><\/p>\n","protected":false},"featured_media":9264,"comment_status":"open","ping_status":"closed","template":"","meta":{"site-sidebar-layout":"default","site-content-layout":"default","ast-global-header-display":"","ast-banner-title-visibility":"","ast-main-header-display":"","ast-hfb-above-header-display":"","ast-hfb-below-header-display":"","ast-hfb-mobile-header-display":"","site-post-title":"","ast-breadcrumbs-content":"","ast-featured-img":"","footer-sml-layout":"","theme-transparent-header-meta":"default","adv-header-id-meta":"","stick-header-meta":"","header-above-stick-meta":"","header-main-stick-meta":"","header-below-stick-meta":""},"product_brand":[],"product_cat":[59],"product_tag":[],"class_list":{"0":"post-9263","1":"product","2":"type-product","3":"status-publish","4":"has-post-thumbnail","6":"product_cat-g-shock","7":"desktop-align-center","8":"tablet-align-center","9":"mobile-align-center","11":"first","12":"instock","13":"taxable","14":"shipping-taxable","15":"purchasable","16":"product-type-simple"},"yoast_head":"<!-- This site is optimized with the Yoast SEO plugin v27.2 - https:\/\/yoast.com\/product\/yoast-seo-wordpress\/ -->\n<title>GD-B500S-3 - suvisoshop<\/title>\n<meta name=\"robots\" content=\"index, follow, max-snippet:-1, max-image-preview:large, max-video-preview:-1\" \/>\n<link rel=\"canonical\" href=\"https:\/\/suvisoshop.com\/index.php\/product\/gd-b500s-3\/\" \/>\n<meta property=\"og:locale\" content=\"es_ES\" \/>\n<meta property=\"og:type\" content=\"article\" \/>\n<meta property=\"og:title\" content=\"GD-B500S-3 - suvisoshop\" \/>\n<meta property=\"og:description\" content=\"Material de la carcasa y el marco: Resina Correa de Resina Cristal Mineral Resistente a impactos Resistencia al Agua de 200 Metros Bluetooth: Se conecta a un smartphone y ajusta autom\u00e1ticamente la hora Medici\u00f3n del recuento de pasos: Rango de visualizaci\u00f3n del recuento de pasos: de 0 a 999 999 pasos Visualizaci\u00f3n del progreso de &hellip; GD-B500S-3 Leer m\u00e1s &raquo;\" \/>\n<meta property=\"og:url\" content=\"https:\/\/suvisoshop.com\/index.php\/product\/gd-b500s-3\/\" \/>\n<meta property=\"og:site_name\" content=\"suvisoshop\" \/>\n<meta property=\"article:modified_time\" content=\"2026-03-08T17:42:17+00:00\" \/>\n<meta property=\"og:image\" content=\"https:\/\/suvisoshop.com\/wp-content\/uploads\/2024\/08\/Diseno-sin-titulo-2024-08-19T123819.938.png\" \/>\n\t<meta property=\"og:image:width\" content=\"1080\" \/>\n\t<meta property=\"og:image:height\" content=\"1080\" \/>\n\t<meta property=\"og:image:type\" content=\"image\/png\" \/>\n<meta name=\"twitter:card\" content=\"summary_large_image\" \/>\n<meta name=\"twitter:label1\" content=\"Tiempo de lectura\" \/>\n\t<meta name=\"twitter:data1\" content=\"2 minutos\" \/>\n<script type=\"application\/ld+json\" class=\"yoast-schema-graph\">{\"@context\":\"https:\/\/schema.org\",\"@graph\":[{\"@type\":\"WebPage\",\"@id\":\"https:\/\/suvisoshop.com\/index.php\/product\/gd-b500s-3\/\",\"url\":\"https:\/\/suvisoshop.com\/index.php\/product\/gd-b500s-3\/\",\"name\":\"GD-B500S-3 - suvisoshop\",\"isPartOf\":{\"@id\":\"https:\/\/suvisoshop.com\/#website\"},\"primaryImageOfPage\":{\"@id\":\"https:\/\/suvisoshop.com\/index.php\/product\/gd-b500s-3\/#primaryimage\"},\"image\":{\"@id\":\"https:\/\/suvisoshop.com\/index.php\/product\/gd-b500s-3\/#primaryimage\"},\"thumbnailUrl\":\"https:\/\/suvisoshop.com\/wp-content\/uploads\/2024\/08\/Diseno-sin-titulo-2024-08-19T123819.938.png\",\"datePublished\":\"2024-08-19T17:39:04+00:00\",\"dateModified\":\"2026-03-08T17:42:17+00:00\",\"breadcrumb\":{\"@id\":\"https:\/\/suvisoshop.com\/index.php\/product\/gd-b500s-3\/#breadcrumb\"},\"inLanguage\":\"es\",\"potentialAction\":[{\"@type\":\"ReadAction\",\"target\":[\"https:\/\/suvisoshop.com\/index.php\/product\/gd-b500s-3\/\"]}]},{\"@type\":\"ImageObject\",\"inLanguage\":\"es\",\"@id\":\"https:\/\/suvisoshop.com\/index.php\/product\/gd-b500s-3\/#primaryimage\",\"url\":\"https:\/\/suvisoshop.com\/wp-content\/uploads\/2024\/08\/Diseno-sin-titulo-2024-08-19T123819.938.png\",\"contentUrl\":\"https:\/\/suvisoshop.com\/wp-content\/uploads\/2024\/08\/Diseno-sin-titulo-2024-08-19T123819.938.png\",\"width\":1080,\"height\":1080},{\"@type\":\"BreadcrumbList\",\"@id\":\"https:\/\/suvisoshop.com\/index.php\/product\/gd-b500s-3\/#breadcrumb\",\"itemListElement\":[{\"@type\":\"ListItem\",\"position\":1,\"name\":\"Shop\",\"item\":\"https:\/\/suvisoshop.com\/index.php\/shop\/\"},{\"@type\":\"ListItem\",\"position\":2,\"name\":\"GD-B500S-3\"}]},{\"@type\":\"WebSite\",\"@id\":\"https:\/\/suvisoshop.com\/#website\",\"url\":\"https:\/\/suvisoshop.com\/\",\"name\":\"Suvisoshop\",\"description\":\"Cada segundo cuenta.\",\"publisher\":{\"@id\":\"https:\/\/suvisoshop.com\/#organization\"},\"potentialAction\":[{\"@type\":\"SearchAction\",\"target\":{\"@type\":\"EntryPoint\",\"urlTemplate\":\"https:\/\/suvisoshop.com\/?s={search_term_string}\"},\"query-input\":{\"@type\":\"PropertyValueSpecification\",\"valueRequired\":true,\"valueName\":\"search_term_string\"}}],\"inLanguage\":\"es\"},{\"@type\":\"Organization\",\"@id\":\"https:\/\/suvisoshop.com\/#organization\",\"name\":\"Suvisoshop\",\"url\":\"https:\/\/suvisoshop.com\/\",\"logo\":{\"@type\":\"ImageObject\",\"inLanguage\":\"es\",\"@id\":\"https:\/\/suvisoshop.com\/#\/schema\/logo\/image\/\",\"url\":\"http:\/\/suvisoshop.com\/wp-content\/uploads\/2023\/07\/cropped-Relojes-logo-suviso-1.png\",\"contentUrl\":\"http:\/\/suvisoshop.com\/wp-content\/uploads\/2023\/07\/cropped-Relojes-logo-suviso-1.png\",\"width\":532,\"height\":348,\"caption\":\"Suvisoshop\"},\"image\":{\"@id\":\"https:\/\/suvisoshop.com\/#\/schema\/logo\/image\/\"}}]}<\/script>\n<!-- \/ Yoast SEO plugin. -->","yoast_head_json":{"title":"GD-B500S-3 - suvisoshop","robots":{"index":"index","follow":"follow","max-snippet":"max-snippet:-1","max-image-preview":"max-image-preview:large","max-video-preview":"max-video-preview:-1"},"canonical":"https:\/\/suvisoshop.com\/index.php\/product\/gd-b500s-3\/","og_locale":"es_ES","og_type":"article","og_title":"GD-B500S-3 - suvisoshop","og_description":"Material de la carcasa y el marco: Resina Correa de Resina Cristal Mineral Resistente a impactos Resistencia al Agua de 200 Metros Bluetooth: Se conecta a un smartphone y ajusta autom\u00e1ticamente la hora Medici\u00f3n del recuento de pasos: Rango de visualizaci\u00f3n del recuento de pasos: de 0 a 999 999 pasos Visualizaci\u00f3n del progreso de &hellip; GD-B500S-3 Leer m\u00e1s &raquo;","og_url":"https:\/\/suvisoshop.com\/index.php\/product\/gd-b500s-3\/","og_site_name":"suvisoshop","article_modified_time":"2026-03-08T17:42:17+00:00","og_image":[{"width":1080,"height":1080,"url":"https:\/\/suvisoshop.com\/wp-content\/uploads\/2024\/08\/Diseno-sin-titulo-2024-08-19T123819.938.png","type":"image\/png"}],"twitter_card":"summary_large_image","twitter_misc":{"Tiempo de lectura":"2 minutos"},"schema":{"@context":"https:\/\/schema.org","@graph":[{"@type":"WebPage","@id":"https:\/\/suvisoshop.com\/index.php\/product\/gd-b500s-3\/","url":"https:\/\/suvisoshop.com\/index.php\/product\/gd-b500s-3\/","name":"GD-B500S-3 - suvisoshop","isPartOf":{"@id":"https:\/\/suvisoshop.com\/#website"},"primaryImageOfPage":{"@id":"https:\/\/suvisoshop.com\/index.php\/product\/gd-b500s-3\/#primaryimage"},"image":{"@id":"https:\/\/suvisoshop.com\/index.php\/product\/gd-b500s-3\/#primaryimage"},"thumbnailUrl":"https:\/\/suvisoshop.com\/wp-content\/uploads\/2024\/08\/Diseno-sin-titulo-2024-08-19T123819.938.png","datePublished":"2024-08-19T17:39:04+00:00","dateModified":"2026-03-08T17:42:17+00:00","breadcrumb":{"@id":"https:\/\/suvisoshop.com\/index.php\/product\/gd-b500s-3\/#breadcrumb"},"inLanguage":"es","potentialAction":[{"@type":"ReadAction","target":["https:\/\/suvisoshop.com\/index.php\/product\/gd-b500s-3\/"]}]},{"@type":"ImageObject","inLanguage":"es","@id":"https:\/\/suvisoshop.com\/index.php\/product\/gd-b500s-3\/#primaryimage","url":"https:\/\/suvisoshop.com\/wp-content\/uploads\/2024\/08\/Diseno-sin-titulo-2024-08-19T123819.938.png","contentUrl":"https:\/\/suvisoshop.com\/wp-content\/uploads\/2024\/08\/Diseno-sin-titulo-2024-08-19T123819.938.png","width":1080,"height":1080},{"@type":"BreadcrumbList","@id":"https:\/\/suvisoshop.com\/index.php\/product\/gd-b500s-3\/#breadcrumb","itemListElement":[{"@type":"ListItem","position":1,"name":"Shop","item":"https:\/\/suvisoshop.com\/index.php\/shop\/"},{"@type":"ListItem","position":2,"name":"GD-B500S-3"}]},{"@type":"WebSite","@id":"https:\/\/suvisoshop.com\/#website","url":"https:\/\/suvisoshop.com\/","name":"Suvisoshop","description":"Cada segundo cuenta.","publisher":{"@id":"https:\/\/suvisoshop.com\/#organization"},"potentialAction":[{"@type":"SearchAction","target":{"@type":"EntryPoint","urlTemplate":"https:\/\/suvisoshop.com\/?s={search_term_string}"},"query-input":{"@type":"PropertyValueSpecification","valueRequired":true,"valueName":"search_term_string"}}],"inLanguage":"es"},{"@type":"Organization","@id":"https:\/\/suvisoshop.com\/#organization","name":"Suvisoshop","url":"https:\/\/suvisoshop.com\/","logo":{"@type":"ImageObject","inLanguage":"es","@id":"https:\/\/suvisoshop.com\/#\/schema\/logo\/image\/","url":"http:\/\/suvisoshop.com\/wp-content\/uploads\/2023\/07\/cropped-Relojes-logo-suviso-1.png","contentUrl":"http:\/\/suvisoshop.com\/wp-content\/uploads\/2023\/07\/cropped-Relojes-logo-suviso-1.png","width":532,"height":348,"caption":"Suvisoshop"},"image":{"@id":"https:\/\/suvisoshop.com\/#\/schema\/logo\/image\/"}}]}},"jetpack_sharing_enabled":true,"_links":{"self":[{"href":"https:\/\/suvisoshop.com\/index.php\/wp-json\/wp\/v2\/product\/9263","targetHints":{"allow":["GET"]}}],"collection":[{"href":"https:\/\/suvisoshop.com\/index.php\/wp-json\/wp\/v2\/product"}],"about":[{"href":"https:\/\/suvisoshop.com\/index.php\/wp-json\/wp\/v2\/types\/product"}],"replies":[{"embeddable":true,"href":"https:\/\/suvisoshop.com\/index.php\/wp-json\/wp\/v2\/comments?post=9263"}],"wp:featuredmedia":[{"embeddable":true,"href":"https:\/\/suvisoshop.com\/index.php\/wp-json\/wp\/v2\/media\/9264"}],"wp:attachment":[{"href":"https:\/\/suvisoshop.com\/index.php\/wp-json\/wp\/v2\/media?parent=9263"}],"wp:term":[{"taxonomy":"product_brand","embeddable":true,"href":"https:\/\/suvisoshop.com\/index.php\/wp-json\/wp\/v2\/product_brand?post=9263"},{"taxonomy":"product_cat","embeddable":true,"href":"https:\/\/suvisoshop.com\/index.php\/wp-json\/wp\/v2\/product_cat?post=9263"},{"taxonomy":"product_tag","embeddable":true,"href":"https:\/\/suvisoshop.com\/index.php\/wp-json\/wp\/v2\/product_tag?post=9263"}],"curies":[{"name":"wp","href":"https:\/\/api.w.org\/{rel}","templated":true}]}}