{"id":8571,"date":"2024-05-23T22:05:15","date_gmt":"2024-05-23T22:05:15","guid":{"rendered":"http:\/\/suvisoshop.com\/?post_type=product&#038;p=8571"},"modified":"2024-05-23T22:07:54","modified_gmt":"2024-05-23T22:07:54","slug":"viva-blue","status":"publish","type":"product","link":"https:\/\/suvisoshop.com\/index.php\/product\/viva-blue\/","title":{"rendered":"Viva Blue"},"content":{"rendered":"<ul>\n<li><strong>Resistente al agua<\/strong><\/li>\n<li><strong>MUC:\u00a0<\/strong>Nordic<\/li>\n<li><strong>Sensores<\/strong>: aceler\u00f3metro y ritmo card\u00edaco<\/li>\n<li><strong>Pantalla:<\/strong>\u00a01.84&#8243; AMOLED<\/li>\n<li><strong>Tiempo de funcionamiento:<\/strong>\u00a0hasta 7 d\u00edas, bater\u00eda de 300 mAh<\/li>\n<li><strong>Carga USB integrada<\/strong><\/li>\n<li><strong>Bluetooth:<\/strong>\u00a0BLE5.3<\/li>\n<li><strong>Conectividad sin interrupciones:<\/strong>\u00a0Mantente conectado con llamadas Bluetooth y notificaciones del smartphone.<\/li>\n<li><strong>Salud al alcance de tus dedos:\u00a0<\/strong>Monitoriza tu ritmo card\u00edaco, niveles de ox\u00edgeno en la sangre, niveles de estr\u00e9s y m\u00e1s.<\/li>\n<li><strong>Compa\u00f1ero de Fitness:<\/strong>\u00a0Con 60 modos de ejercicio y capacidad para nataci\u00f3n, es tu compa\u00f1ero definitivo para entrenar.<\/li>\n<li><strong>Estad\u00edsticas vitales todo el d\u00eda:<\/strong>\u00a0Sigue la quema de calor\u00edas, los pasos diarios y las fases del sue\u00f1o para un estilo de vida m\u00e1s saludable.<\/li>\n<li><strong>Inteligente y con estilo:<\/strong>\u00a0Pantalla siempre activa, control de m\u00fasica, pron\u00f3sticos meteorol\u00f3gicos y m\u00e1s.<\/li>\n<li><strong>Rendimiento duradero:<\/strong>\u00a0Resistente al agua, autonom\u00eda de bater\u00eda de hasta 7 d\u00edas y carga incorporada mediante USB.<\/li>\n<li><strong>Cubitt VIVA cuenta con pantalla AMOLED:\u00a0<\/strong>Estas pantallas ofrecen una experiencia visual v\u00edvida con negros profundos y colores llamativos.<\/li>\n<\/ul>\n","protected":false},"excerpt":{"rendered":"<p>Resistente al agua MUC:\u00a0Nordic Sensores: aceler\u00f3metro y ritmo card\u00edaco Pantalla:\u00a01.84&#8243; AMOLED Tiempo de funcionamiento:\u00a0hasta 7 d\u00edas, bater\u00eda de 300 mAh Carga USB integrada Bluetooth:\u00a0BLE5.3 Conectividad sin interrupciones:\u00a0Mantente conectado con llamadas Bluetooth y notificaciones del smartphone. Salud al alcance de tus dedos:\u00a0Monitoriza tu ritmo card\u00edaco, niveles de ox\u00edgeno en la sangre, niveles de estr\u00e9s y m\u00e1s. &hellip;<\/p>\n<p class=\"read-more\"> <a class=\"\" href=\"https:\/\/suvisoshop.com\/index.php\/product\/viva-blue\/\"> <span class=\"screen-reader-text\">Viva Blue<\/span> Leer m\u00e1s &raquo;<\/a><\/p>\n","protected":false},"featured_media":8573,"comment_status":"open","ping_status":"closed","template":"","meta":{"site-sidebar-layout":"default","site-content-layout":"default","ast-global-header-display":"","ast-banner-title-visibility":"","ast-main-header-display":"","ast-hfb-above-header-display":"","ast-hfb-below-header-display":"","ast-hfb-mobile-header-display":"","site-post-title":"","ast-breadcrumbs-content":"","ast-featured-img":"","footer-sml-layout":"","theme-transparent-header-meta":"default","adv-header-id-meta":"","stick-header-meta":"","header-above-stick-meta":"","header-main-stick-meta":"","header-below-stick-meta":""},"product_brand":[],"product_cat":[54,62],"product_tag":[],"class_list":{"0":"post-8571","1":"product","2":"type-product","3":"status-publish","4":"has-post-thumbnail","6":"product_cat-cubitt","7":"product_cat-sport","8":"desktop-align-center","9":"tablet-align-center","10":"mobile-align-center","12":"first","13":"instock","14":"taxable","15":"shipping-taxable","16":"purchasable","17":"product-type-simple"},"yoast_head":"<!-- This site is optimized with the Yoast SEO plugin v27.2 - https:\/\/yoast.com\/product\/yoast-seo-wordpress\/ -->\n<title>Viva Blue - suvisoshop<\/title>\n<meta name=\"robots\" content=\"index, follow, max-snippet:-1, max-image-preview:large, max-video-preview:-1\" \/>\n<link rel=\"canonical\" href=\"https:\/\/suvisoshop.com\/index.php\/product\/viva-blue\/\" \/>\n<meta property=\"og:locale\" content=\"es_ES\" \/>\n<meta property=\"og:type\" content=\"article\" \/>\n<meta property=\"og:title\" content=\"Viva Blue - suvisoshop\" \/>\n<meta property=\"og:description\" content=\"Resistente al agua MUC:\u00a0Nordic Sensores: aceler\u00f3metro y ritmo card\u00edaco Pantalla:\u00a01.84&#8243; AMOLED Tiempo de funcionamiento:\u00a0hasta 7 d\u00edas, bater\u00eda de 300 mAh Carga USB integrada Bluetooth:\u00a0BLE5.3 Conectividad sin interrupciones:\u00a0Mantente conectado con llamadas Bluetooth y notificaciones del smartphone. Salud al alcance de tus dedos:\u00a0Monitoriza tu ritmo card\u00edaco, niveles de ox\u00edgeno en la sangre, niveles de estr\u00e9s y m\u00e1s. &hellip; Viva Blue Leer m\u00e1s &raquo;\" \/>\n<meta property=\"og:url\" content=\"https:\/\/suvisoshop.com\/index.php\/product\/viva-blue\/\" \/>\n<meta property=\"og:site_name\" content=\"suvisoshop\" \/>\n<meta property=\"article:modified_time\" content=\"2024-05-23T22:07:54+00:00\" \/>\n<meta property=\"og:image\" content=\"https:\/\/suvisoshop.com\/wp-content\/uploads\/2024\/05\/casio-2024-05-23T170418.570.png\" \/>\n\t<meta property=\"og:image:width\" content=\"1080\" \/>\n\t<meta property=\"og:image:height\" content=\"1080\" \/>\n\t<meta property=\"og:image:type\" content=\"image\/png\" \/>\n<meta name=\"twitter:card\" content=\"summary_large_image\" \/>\n<meta name=\"twitter:label1\" content=\"Tiempo de lectura\" \/>\n\t<meta name=\"twitter:data1\" content=\"1 minuto\" \/>\n<script type=\"application\/ld+json\" class=\"yoast-schema-graph\">{\"@context\":\"https:\/\/schema.org\",\"@graph\":[{\"@type\":\"WebPage\",\"@id\":\"https:\/\/suvisoshop.com\/index.php\/product\/viva-blue\/\",\"url\":\"https:\/\/suvisoshop.com\/index.php\/product\/viva-blue\/\",\"name\":\"Viva Blue - suvisoshop\",\"isPartOf\":{\"@id\":\"https:\/\/suvisoshop.com\/#website\"},\"primaryImageOfPage\":{\"@id\":\"https:\/\/suvisoshop.com\/index.php\/product\/viva-blue\/#primaryimage\"},\"image\":{\"@id\":\"https:\/\/suvisoshop.com\/index.php\/product\/viva-blue\/#primaryimage\"},\"thumbnailUrl\":\"https:\/\/suvisoshop.com\/wp-content\/uploads\/2024\/05\/casio-2024-05-23T170418.570.png\",\"datePublished\":\"2024-05-23T22:05:15+00:00\",\"dateModified\":\"2024-05-23T22:07:54+00:00\",\"breadcrumb\":{\"@id\":\"https:\/\/suvisoshop.com\/index.php\/product\/viva-blue\/#breadcrumb\"},\"inLanguage\":\"es\",\"potentialAction\":[{\"@type\":\"ReadAction\",\"target\":[\"https:\/\/suvisoshop.com\/index.php\/product\/viva-blue\/\"]}]},{\"@type\":\"ImageObject\",\"inLanguage\":\"es\",\"@id\":\"https:\/\/suvisoshop.com\/index.php\/product\/viva-blue\/#primaryimage\",\"url\":\"https:\/\/suvisoshop.com\/wp-content\/uploads\/2024\/05\/casio-2024-05-23T170418.570.png\",\"contentUrl\":\"https:\/\/suvisoshop.com\/wp-content\/uploads\/2024\/05\/casio-2024-05-23T170418.570.png\",\"width\":1080,\"height\":1080},{\"@type\":\"BreadcrumbList\",\"@id\":\"https:\/\/suvisoshop.com\/index.php\/product\/viva-blue\/#breadcrumb\",\"itemListElement\":[{\"@type\":\"ListItem\",\"position\":1,\"name\":\"Shop\",\"item\":\"https:\/\/suvisoshop.com\/index.php\/shop\/\"},{\"@type\":\"ListItem\",\"position\":2,\"name\":\"Viva Blue\"}]},{\"@type\":\"WebSite\",\"@id\":\"https:\/\/suvisoshop.com\/#website\",\"url\":\"https:\/\/suvisoshop.com\/\",\"name\":\"Suvisoshop\",\"description\":\"Cada segundo cuenta.\",\"publisher\":{\"@id\":\"https:\/\/suvisoshop.com\/#organization\"},\"potentialAction\":[{\"@type\":\"SearchAction\",\"target\":{\"@type\":\"EntryPoint\",\"urlTemplate\":\"https:\/\/suvisoshop.com\/?s={search_term_string}\"},\"query-input\":{\"@type\":\"PropertyValueSpecification\",\"valueRequired\":true,\"valueName\":\"search_term_string\"}}],\"inLanguage\":\"es\"},{\"@type\":\"Organization\",\"@id\":\"https:\/\/suvisoshop.com\/#organization\",\"name\":\"Suvisoshop\",\"url\":\"https:\/\/suvisoshop.com\/\",\"logo\":{\"@type\":\"ImageObject\",\"inLanguage\":\"es\",\"@id\":\"https:\/\/suvisoshop.com\/#\/schema\/logo\/image\/\",\"url\":\"http:\/\/suvisoshop.com\/wp-content\/uploads\/2023\/07\/cropped-Relojes-logo-suviso-1.png\",\"contentUrl\":\"http:\/\/suvisoshop.com\/wp-content\/uploads\/2023\/07\/cropped-Relojes-logo-suviso-1.png\",\"width\":532,\"height\":348,\"caption\":\"Suvisoshop\"},\"image\":{\"@id\":\"https:\/\/suvisoshop.com\/#\/schema\/logo\/image\/\"}}]}<\/script>\n<!-- \/ Yoast SEO plugin. -->","yoast_head_json":{"title":"Viva Blue - suvisoshop","robots":{"index":"index","follow":"follow","max-snippet":"max-snippet:-1","max-image-preview":"max-image-preview:large","max-video-preview":"max-video-preview:-1"},"canonical":"https:\/\/suvisoshop.com\/index.php\/product\/viva-blue\/","og_locale":"es_ES","og_type":"article","og_title":"Viva Blue - suvisoshop","og_description":"Resistente al agua MUC:\u00a0Nordic Sensores: aceler\u00f3metro y ritmo card\u00edaco Pantalla:\u00a01.84&#8243; AMOLED Tiempo de funcionamiento:\u00a0hasta 7 d\u00edas, bater\u00eda de 300 mAh Carga USB integrada Bluetooth:\u00a0BLE5.3 Conectividad sin interrupciones:\u00a0Mantente conectado con llamadas Bluetooth y notificaciones del smartphone. Salud al alcance de tus dedos:\u00a0Monitoriza tu ritmo card\u00edaco, niveles de ox\u00edgeno en la sangre, niveles de estr\u00e9s y m\u00e1s. &hellip; Viva Blue Leer m\u00e1s &raquo;","og_url":"https:\/\/suvisoshop.com\/index.php\/product\/viva-blue\/","og_site_name":"suvisoshop","article_modified_time":"2024-05-23T22:07:54+00:00","og_image":[{"width":1080,"height":1080,"url":"https:\/\/suvisoshop.com\/wp-content\/uploads\/2024\/05\/casio-2024-05-23T170418.570.png","type":"image\/png"}],"twitter_card":"summary_large_image","twitter_misc":{"Tiempo de lectura":"1 minuto"},"schema":{"@context":"https:\/\/schema.org","@graph":[{"@type":"WebPage","@id":"https:\/\/suvisoshop.com\/index.php\/product\/viva-blue\/","url":"https:\/\/suvisoshop.com\/index.php\/product\/viva-blue\/","name":"Viva Blue - suvisoshop","isPartOf":{"@id":"https:\/\/suvisoshop.com\/#website"},"primaryImageOfPage":{"@id":"https:\/\/suvisoshop.com\/index.php\/product\/viva-blue\/#primaryimage"},"image":{"@id":"https:\/\/suvisoshop.com\/index.php\/product\/viva-blue\/#primaryimage"},"thumbnailUrl":"https:\/\/suvisoshop.com\/wp-content\/uploads\/2024\/05\/casio-2024-05-23T170418.570.png","datePublished":"2024-05-23T22:05:15+00:00","dateModified":"2024-05-23T22:07:54+00:00","breadcrumb":{"@id":"https:\/\/suvisoshop.com\/index.php\/product\/viva-blue\/#breadcrumb"},"inLanguage":"es","potentialAction":[{"@type":"ReadAction","target":["https:\/\/suvisoshop.com\/index.php\/product\/viva-blue\/"]}]},{"@type":"ImageObject","inLanguage":"es","@id":"https:\/\/suvisoshop.com\/index.php\/product\/viva-blue\/#primaryimage","url":"https:\/\/suvisoshop.com\/wp-content\/uploads\/2024\/05\/casio-2024-05-23T170418.570.png","contentUrl":"https:\/\/suvisoshop.com\/wp-content\/uploads\/2024\/05\/casio-2024-05-23T170418.570.png","width":1080,"height":1080},{"@type":"BreadcrumbList","@id":"https:\/\/suvisoshop.com\/index.php\/product\/viva-blue\/#breadcrumb","itemListElement":[{"@type":"ListItem","position":1,"name":"Shop","item":"https:\/\/suvisoshop.com\/index.php\/shop\/"},{"@type":"ListItem","position":2,"name":"Viva Blue"}]},{"@type":"WebSite","@id":"https:\/\/suvisoshop.com\/#website","url":"https:\/\/suvisoshop.com\/","name":"Suvisoshop","description":"Cada segundo cuenta.","publisher":{"@id":"https:\/\/suvisoshop.com\/#organization"},"potentialAction":[{"@type":"SearchAction","target":{"@type":"EntryPoint","urlTemplate":"https:\/\/suvisoshop.com\/?s={search_term_string}"},"query-input":{"@type":"PropertyValueSpecification","valueRequired":true,"valueName":"search_term_string"}}],"inLanguage":"es"},{"@type":"Organization","@id":"https:\/\/suvisoshop.com\/#organization","name":"Suvisoshop","url":"https:\/\/suvisoshop.com\/","logo":{"@type":"ImageObject","inLanguage":"es","@id":"https:\/\/suvisoshop.com\/#\/schema\/logo\/image\/","url":"http:\/\/suvisoshop.com\/wp-content\/uploads\/2023\/07\/cropped-Relojes-logo-suviso-1.png","contentUrl":"http:\/\/suvisoshop.com\/wp-content\/uploads\/2023\/07\/cropped-Relojes-logo-suviso-1.png","width":532,"height":348,"caption":"Suvisoshop"},"image":{"@id":"https:\/\/suvisoshop.com\/#\/schema\/logo\/image\/"}}]}},"jetpack_sharing_enabled":true,"_links":{"self":[{"href":"https:\/\/suvisoshop.com\/index.php\/wp-json\/wp\/v2\/product\/8571","targetHints":{"allow":["GET"]}}],"collection":[{"href":"https:\/\/suvisoshop.com\/index.php\/wp-json\/wp\/v2\/product"}],"about":[{"href":"https:\/\/suvisoshop.com\/index.php\/wp-json\/wp\/v2\/types\/product"}],"replies":[{"embeddable":true,"href":"https:\/\/suvisoshop.com\/index.php\/wp-json\/wp\/v2\/comments?post=8571"}],"wp:featuredmedia":[{"embeddable":true,"href":"https:\/\/suvisoshop.com\/index.php\/wp-json\/wp\/v2\/media\/8573"}],"wp:attachment":[{"href":"https:\/\/suvisoshop.com\/index.php\/wp-json\/wp\/v2\/media?parent=8571"}],"wp:term":[{"taxonomy":"product_brand","embeddable":true,"href":"https:\/\/suvisoshop.com\/index.php\/wp-json\/wp\/v2\/product_brand?post=8571"},{"taxonomy":"product_cat","embeddable":true,"href":"https:\/\/suvisoshop.com\/index.php\/wp-json\/wp\/v2\/product_cat?post=8571"},{"taxonomy":"product_tag","embeddable":true,"href":"https:\/\/suvisoshop.com\/index.php\/wp-json\/wp\/v2\/product_tag?post=8571"}],"curies":[{"name":"wp","href":"https:\/\/api.w.org\/{rel}","templated":true}]}}