{"id":10970,"date":"2025-10-24T19:44:17","date_gmt":"2025-10-24T19:44:17","guid":{"rendered":"https:\/\/suvisoshop.com\/?post_type=product&#038;p=10970"},"modified":"2025-10-24T19:55:54","modified_gmt":"2025-10-24T19:55:54","slug":"abl-100we-1a","status":"publish","type":"product","link":"https:\/\/suvisoshop.com\/index.php\/product\/abl-100we-1a\/","title":{"rendered":"ABL-100WE-1A"},"content":{"rendered":"<ul>\n<li>Reloj unisex<\/li>\n<li>Material de la carcasa y el marco: Resina<\/li>\n<li>Cierre Ajustable<\/li>\n<li>Correa de Acero Inoxidable<\/li>\n<li>Cristal de Resina<\/li>\n<li>Resistente al Agua<\/li>\n<li>Bluetooth: Se conecta a un smartphone y ajusta autom\u00e1ticamente la hora<\/li>\n<li>Medici\u00f3n del recuento de pasos: Rango de visualizaci\u00f3n del recuento de pasos: de 0 a 999 999 pasos Visualizaci\u00f3n del progreso de los objetivos de pasos (rango de fijaci\u00f3n de objetivos de recuento de pasos: entre 1000 y 50 000 en incrementos de 1000 pasos) Recordatorio de pasos \uff08Le informa si el recuento de pasos es demasiado bajo mediante una indicaci\u00f3n visual y sonora\uff09 Gr\u00e1fico de recuento de pasos Recuento de pasos por hora de las \u00faltimas 7 horas en un gr\u00e1fico de 6 niveles\uff09 Recordatorio de pasos<\/li>\n<li>Mobile Link (enlace inal\u00e1mbrico con Bluetooth\u00ae)<\/li>\n<li>Alerta de bater\u00eda baja<\/li>\n<li>Calendario autom\u00e1tico<\/li>\n<li>Formato de 12\/24 horas: Indicacion clasica de la hora<\/li>\n<li>Funci\u00f3n de conectividad de aplicaciones Ajuste de hora autom\u00e1tico Ajuste sencillo del reloj Hora mundial de aproximadamente 300 ciudades Gesti\u00f3n de datos de la bit\u00e1cora de vida Hora y lugar Buscador de tel\u00e9fono<\/li>\n<li>Retroiluminaci\u00f3n LED<\/li>\n<li>Hora dual (cambio de hora local)<\/li>\n<li>Cronometro de 1\/100<\/li>\n<li>5 alarmas diarias<\/li>\n<li>Temporizador de cuenta atr\u00e1s<\/li>\n<li>Activaci\u00f3n o desactivaci\u00f3n del tono de pulsaci\u00f3n de bot\u00f3n<\/li>\n<li>Dimensi\u00f3n de la caja: 41,6 \u00d7 37,9 \u00d7 8,2 mm<\/li>\n<\/ul>\n","protected":false},"excerpt":{"rendered":"<p>Reloj unisex Material de la carcasa y el marco: Resina Cierre Ajustable Correa de Acero Inoxidable Cristal de Resina Resistente al Agua Bluetooth: Se conecta a un smartphone y ajusta autom\u00e1ticamente la hora Medici\u00f3n del recuento de pasos: Rango de visualizaci\u00f3n del recuento de pasos: de 0 a 999 999 pasos Visualizaci\u00f3n del progreso de &hellip;<\/p>\n<p class=\"read-more\"> <a class=\"\" href=\"https:\/\/suvisoshop.com\/index.php\/product\/abl-100we-1a\/\"> <span class=\"screen-reader-text\">ABL-100WE-1A<\/span> Leer m\u00e1s &raquo;<\/a><\/p>\n","protected":false},"featured_media":10971,"comment_status":"open","ping_status":"closed","template":"","meta":{"site-sidebar-layout":"default","site-content-layout":"default","ast-global-header-display":"","ast-banner-title-visibility":"","ast-main-header-display":"","ast-hfb-above-header-display":"","ast-hfb-below-header-display":"","ast-hfb-mobile-header-display":"","site-post-title":"","ast-breadcrumbs-content":"","ast-featured-img":"","footer-sml-layout":"","theme-transparent-header-meta":"default","adv-header-id-meta":"","stick-header-meta":"","header-above-stick-meta":"","header-main-stick-meta":"","header-below-stick-meta":""},"product_brand":[],"product_cat":[51],"product_tag":[],"class_list":{"0":"post-10970","1":"product","2":"type-product","3":"status-publish","4":"has-post-thumbnail","6":"product_cat-vintage","7":"desktop-align-center","8":"tablet-align-center","9":"mobile-align-center","11":"first","12":"instock","13":"taxable","14":"shipping-taxable","15":"purchasable","16":"product-type-simple"},"yoast_head":"<!-- This site is optimized with the Yoast SEO plugin v27.2 - https:\/\/yoast.com\/product\/yoast-seo-wordpress\/ -->\n<title>ABL-100WE-1A - suvisoshop<\/title>\n<meta name=\"robots\" content=\"index, follow, max-snippet:-1, max-image-preview:large, max-video-preview:-1\" \/>\n<link rel=\"canonical\" href=\"https:\/\/suvisoshop.com\/index.php\/product\/abl-100we-1a\/\" \/>\n<meta property=\"og:locale\" content=\"es_ES\" \/>\n<meta property=\"og:type\" content=\"article\" \/>\n<meta property=\"og:title\" content=\"ABL-100WE-1A - suvisoshop\" \/>\n<meta property=\"og:description\" content=\"Reloj unisex Material de la carcasa y el marco: Resina Cierre Ajustable Correa de Acero Inoxidable Cristal de Resina Resistente al Agua Bluetooth: Se conecta a un smartphone y ajusta autom\u00e1ticamente la hora Medici\u00f3n del recuento de pasos: Rango de visualizaci\u00f3n del recuento de pasos: de 0 a 999 999 pasos Visualizaci\u00f3n del progreso de &hellip; ABL-100WE-1A Leer m\u00e1s &raquo;\" \/>\n<meta property=\"og:url\" content=\"https:\/\/suvisoshop.com\/index.php\/product\/abl-100we-1a\/\" \/>\n<meta property=\"og:site_name\" content=\"suvisoshop\" \/>\n<meta property=\"article:modified_time\" content=\"2025-10-24T19:55:54+00:00\" \/>\n<meta property=\"og:image\" content=\"https:\/\/suvisoshop.com\/wp-content\/uploads\/2025\/10\/ABL-100WE-1A.png\" \/>\n\t<meta property=\"og:image:width\" content=\"1080\" \/>\n\t<meta property=\"og:image:height\" content=\"1080\" \/>\n\t<meta property=\"og:image:type\" content=\"image\/png\" \/>\n<meta name=\"twitter:card\" content=\"summary_large_image\" \/>\n<meta name=\"twitter:label1\" content=\"Tiempo de lectura\" \/>\n\t<meta name=\"twitter:data1\" content=\"2 minutos\" \/>\n<script type=\"application\/ld+json\" class=\"yoast-schema-graph\">{\"@context\":\"https:\/\/schema.org\",\"@graph\":[{\"@type\":\"WebPage\",\"@id\":\"https:\/\/suvisoshop.com\/index.php\/product\/abl-100we-1a\/\",\"url\":\"https:\/\/suvisoshop.com\/index.php\/product\/abl-100we-1a\/\",\"name\":\"ABL-100WE-1A - suvisoshop\",\"isPartOf\":{\"@id\":\"https:\/\/suvisoshop.com\/#website\"},\"primaryImageOfPage\":{\"@id\":\"https:\/\/suvisoshop.com\/index.php\/product\/abl-100we-1a\/#primaryimage\"},\"image\":{\"@id\":\"https:\/\/suvisoshop.com\/index.php\/product\/abl-100we-1a\/#primaryimage\"},\"thumbnailUrl\":\"https:\/\/suvisoshop.com\/wp-content\/uploads\/2025\/10\/ABL-100WE-1A.png\",\"datePublished\":\"2025-10-24T19:44:17+00:00\",\"dateModified\":\"2025-10-24T19:55:54+00:00\",\"breadcrumb\":{\"@id\":\"https:\/\/suvisoshop.com\/index.php\/product\/abl-100we-1a\/#breadcrumb\"},\"inLanguage\":\"es\",\"potentialAction\":[{\"@type\":\"ReadAction\",\"target\":[\"https:\/\/suvisoshop.com\/index.php\/product\/abl-100we-1a\/\"]}]},{\"@type\":\"ImageObject\",\"inLanguage\":\"es\",\"@id\":\"https:\/\/suvisoshop.com\/index.php\/product\/abl-100we-1a\/#primaryimage\",\"url\":\"https:\/\/suvisoshop.com\/wp-content\/uploads\/2025\/10\/ABL-100WE-1A.png\",\"contentUrl\":\"https:\/\/suvisoshop.com\/wp-content\/uploads\/2025\/10\/ABL-100WE-1A.png\",\"width\":1080,\"height\":1080},{\"@type\":\"BreadcrumbList\",\"@id\":\"https:\/\/suvisoshop.com\/index.php\/product\/abl-100we-1a\/#breadcrumb\",\"itemListElement\":[{\"@type\":\"ListItem\",\"position\":1,\"name\":\"Shop\",\"item\":\"https:\/\/suvisoshop.com\/index.php\/shop\/\"},{\"@type\":\"ListItem\",\"position\":2,\"name\":\"ABL-100WE-1A\"}]},{\"@type\":\"WebSite\",\"@id\":\"https:\/\/suvisoshop.com\/#website\",\"url\":\"https:\/\/suvisoshop.com\/\",\"name\":\"Suvisoshop\",\"description\":\"Cada segundo cuenta.\",\"publisher\":{\"@id\":\"https:\/\/suvisoshop.com\/#organization\"},\"potentialAction\":[{\"@type\":\"SearchAction\",\"target\":{\"@type\":\"EntryPoint\",\"urlTemplate\":\"https:\/\/suvisoshop.com\/?s={search_term_string}\"},\"query-input\":{\"@type\":\"PropertyValueSpecification\",\"valueRequired\":true,\"valueName\":\"search_term_string\"}}],\"inLanguage\":\"es\"},{\"@type\":\"Organization\",\"@id\":\"https:\/\/suvisoshop.com\/#organization\",\"name\":\"Suvisoshop\",\"url\":\"https:\/\/suvisoshop.com\/\",\"logo\":{\"@type\":\"ImageObject\",\"inLanguage\":\"es\",\"@id\":\"https:\/\/suvisoshop.com\/#\/schema\/logo\/image\/\",\"url\":\"http:\/\/suvisoshop.com\/wp-content\/uploads\/2023\/07\/cropped-Relojes-logo-suviso-1.png\",\"contentUrl\":\"http:\/\/suvisoshop.com\/wp-content\/uploads\/2023\/07\/cropped-Relojes-logo-suviso-1.png\",\"width\":532,\"height\":348,\"caption\":\"Suvisoshop\"},\"image\":{\"@id\":\"https:\/\/suvisoshop.com\/#\/schema\/logo\/image\/\"}}]}<\/script>\n<!-- \/ Yoast SEO plugin. -->","yoast_head_json":{"title":"ABL-100WE-1A - suvisoshop","robots":{"index":"index","follow":"follow","max-snippet":"max-snippet:-1","max-image-preview":"max-image-preview:large","max-video-preview":"max-video-preview:-1"},"canonical":"https:\/\/suvisoshop.com\/index.php\/product\/abl-100we-1a\/","og_locale":"es_ES","og_type":"article","og_title":"ABL-100WE-1A - suvisoshop","og_description":"Reloj unisex Material de la carcasa y el marco: Resina Cierre Ajustable Correa de Acero Inoxidable Cristal de Resina Resistente al Agua Bluetooth: Se conecta a un smartphone y ajusta autom\u00e1ticamente la hora Medici\u00f3n del recuento de pasos: Rango de visualizaci\u00f3n del recuento de pasos: de 0 a 999 999 pasos Visualizaci\u00f3n del progreso de &hellip; ABL-100WE-1A Leer m\u00e1s &raquo;","og_url":"https:\/\/suvisoshop.com\/index.php\/product\/abl-100we-1a\/","og_site_name":"suvisoshop","article_modified_time":"2025-10-24T19:55:54+00:00","og_image":[{"width":1080,"height":1080,"url":"https:\/\/suvisoshop.com\/wp-content\/uploads\/2025\/10\/ABL-100WE-1A.png","type":"image\/png"}],"twitter_card":"summary_large_image","twitter_misc":{"Tiempo de lectura":"2 minutos"},"schema":{"@context":"https:\/\/schema.org","@graph":[{"@type":"WebPage","@id":"https:\/\/suvisoshop.com\/index.php\/product\/abl-100we-1a\/","url":"https:\/\/suvisoshop.com\/index.php\/product\/abl-100we-1a\/","name":"ABL-100WE-1A - suvisoshop","isPartOf":{"@id":"https:\/\/suvisoshop.com\/#website"},"primaryImageOfPage":{"@id":"https:\/\/suvisoshop.com\/index.php\/product\/abl-100we-1a\/#primaryimage"},"image":{"@id":"https:\/\/suvisoshop.com\/index.php\/product\/abl-100we-1a\/#primaryimage"},"thumbnailUrl":"https:\/\/suvisoshop.com\/wp-content\/uploads\/2025\/10\/ABL-100WE-1A.png","datePublished":"2025-10-24T19:44:17+00:00","dateModified":"2025-10-24T19:55:54+00:00","breadcrumb":{"@id":"https:\/\/suvisoshop.com\/index.php\/product\/abl-100we-1a\/#breadcrumb"},"inLanguage":"es","potentialAction":[{"@type":"ReadAction","target":["https:\/\/suvisoshop.com\/index.php\/product\/abl-100we-1a\/"]}]},{"@type":"ImageObject","inLanguage":"es","@id":"https:\/\/suvisoshop.com\/index.php\/product\/abl-100we-1a\/#primaryimage","url":"https:\/\/suvisoshop.com\/wp-content\/uploads\/2025\/10\/ABL-100WE-1A.png","contentUrl":"https:\/\/suvisoshop.com\/wp-content\/uploads\/2025\/10\/ABL-100WE-1A.png","width":1080,"height":1080},{"@type":"BreadcrumbList","@id":"https:\/\/suvisoshop.com\/index.php\/product\/abl-100we-1a\/#breadcrumb","itemListElement":[{"@type":"ListItem","position":1,"name":"Shop","item":"https:\/\/suvisoshop.com\/index.php\/shop\/"},{"@type":"ListItem","position":2,"name":"ABL-100WE-1A"}]},{"@type":"WebSite","@id":"https:\/\/suvisoshop.com\/#website","url":"https:\/\/suvisoshop.com\/","name":"Suvisoshop","description":"Cada segundo cuenta.","publisher":{"@id":"https:\/\/suvisoshop.com\/#organization"},"potentialAction":[{"@type":"SearchAction","target":{"@type":"EntryPoint","urlTemplate":"https:\/\/suvisoshop.com\/?s={search_term_string}"},"query-input":{"@type":"PropertyValueSpecification","valueRequired":true,"valueName":"search_term_string"}}],"inLanguage":"es"},{"@type":"Organization","@id":"https:\/\/suvisoshop.com\/#organization","name":"Suvisoshop","url":"https:\/\/suvisoshop.com\/","logo":{"@type":"ImageObject","inLanguage":"es","@id":"https:\/\/suvisoshop.com\/#\/schema\/logo\/image\/","url":"http:\/\/suvisoshop.com\/wp-content\/uploads\/2023\/07\/cropped-Relojes-logo-suviso-1.png","contentUrl":"http:\/\/suvisoshop.com\/wp-content\/uploads\/2023\/07\/cropped-Relojes-logo-suviso-1.png","width":532,"height":348,"caption":"Suvisoshop"},"image":{"@id":"https:\/\/suvisoshop.com\/#\/schema\/logo\/image\/"}}]}},"jetpack_sharing_enabled":true,"_links":{"self":[{"href":"https:\/\/suvisoshop.com\/index.php\/wp-json\/wp\/v2\/product\/10970","targetHints":{"allow":["GET"]}}],"collection":[{"href":"https:\/\/suvisoshop.com\/index.php\/wp-json\/wp\/v2\/product"}],"about":[{"href":"https:\/\/suvisoshop.com\/index.php\/wp-json\/wp\/v2\/types\/product"}],"replies":[{"embeddable":true,"href":"https:\/\/suvisoshop.com\/index.php\/wp-json\/wp\/v2\/comments?post=10970"}],"wp:featuredmedia":[{"embeddable":true,"href":"https:\/\/suvisoshop.com\/index.php\/wp-json\/wp\/v2\/media\/10971"}],"wp:attachment":[{"href":"https:\/\/suvisoshop.com\/index.php\/wp-json\/wp\/v2\/media?parent=10970"}],"wp:term":[{"taxonomy":"product_brand","embeddable":true,"href":"https:\/\/suvisoshop.com\/index.php\/wp-json\/wp\/v2\/product_brand?post=10970"},{"taxonomy":"product_cat","embeddable":true,"href":"https:\/\/suvisoshop.com\/index.php\/wp-json\/wp\/v2\/product_cat?post=10970"},{"taxonomy":"product_tag","embeddable":true,"href":"https:\/\/suvisoshop.com\/index.php\/wp-json\/wp\/v2\/product_tag?post=10970"}],"curies":[{"name":"wp","href":"https:\/\/api.w.org\/{rel}","templated":true}]}}